pose 1 = 5*s - 14. Let f = -2241 - -2245. Calculate the remainder when 6 is divided by 4 + (s - f)*2.
0
Suppose 2*z - 128 = 2*f, -2*z = -4*f - 0*f - 118. What is the remainder when 239 is divided by (115/z)/((-1)/(-36))?
59
Suppose 2*f - 3*q = 36, 4*f - 4*q + 4 = 84. Suppose 4*w + 4*l - 216 = 0, 0*w = 3*w + 2*l - 158. What is the remainder when w is divided by f?
2
Suppose 3 = -0*r + r. Suppose d = -r*y - 0 + 8, -3*y - 36 = -3*d. Suppose -558 + 495 = -9*j. What is the remainder when d is divided by j?
4
Suppose 2*n - 2*x = 66, -164*x = 5*n - 159*x - 165. Calculate the remainder when 396 is divided by n.
0
Let w be (-1)/(1/24*-3). Suppose x - w*j + 13*j - 213 = 0, 2*x - 3*j = 426. Calculate the remainder when x is divided by 24.
21
Suppose -3430 - 2975 = -21*p. What is the remainder when p is divided by 87?
44
Suppose 0 = c + 4*w - 223, -7*c - w = -2*c - 1001. Calculate the remainder when c is divided by 104.
95
Let z = 15 + 35. Suppose 0*l - 94 = -2*i - 5*l, -i - 4*l + z = 0. Suppose 0 = -i*y + 44*y - 64. Calculate the remainder when 93 is divided by y.
29
Suppose 10*h + 7*h = 9*h + 40. Let d(a) be the first derivative of 9*a**2 + 6*a - 2. Calculate the remainder when d(h) is divided by 11.
8
Let f = -1362 - -1529. Calculate the remainder when f is divided by 167.
0
Let t = 2818 + -2818. Let r(z) = z**3 + 5*z**2 + 5*z + 3. Let o be r(-3). Suppose o*h - 258 - 312 = t. What is the remainder when h is divided by 24?
23
Suppose -6*h - 12*h = -684. Let k = 179 + 47. Calculate the remainder when k is divided by h.
36
Let i(u) be the first derivative of -u**3/3 + 11*u**2/2 - 3*u + 21. Calculate the remainder when i(7) is divided by 10.
5
Suppose -u - 4 = 2*j, -3*j = 1 + 8. Let l be 107/u - (5 + (-36)/8). Let c = 67 - l. Calculate the remainder when 23 is divided by c.
9
Let b(u) = 18*u + 80 - 10 + 3*u + u**2 + 24. Calculate the remainder when 27 is divided by b(-16).
13
Let z(w) = 3*w**2 + 29*w - 401. Calculate the remainder when z(-23) is divided by 9.
6
Let y(f) = 2*f**2 + 3*f + 33. Let x be y(11). Suppose -14*v = -0*v - x. Calculate the remainder when (2/5)/((-1)/(-155)) is divided by v.
18
Suppose -895*r = -905*r + 7590. Calculate the remainder when r is divided by 76.
75
Let l be (0/(-1))/((1 - -1)/2). Let q(y) = 3*y + 113. What is the remainder when q(l) is divided by 5?
3
Let r(g) = -280*g**3 + 6*g**2 + 4*g - 1. Let j be r(-1). Suppose 53 = -3*s + j. Calculate the remainder when 604 is divided by s.
72
Let j(m) = 4*m - 5. Let n be 10/(-25) - 78/30 - -2. Let q(o) = -153*o - 49. Calculate the remainder when q(n) is divided by j(5).
14
Let h = 600 - 580. Suppose 5*y = -h, -y - 37 = -3*w - 24. What is the remainder when 23 is divided by w?
2
Calculate the remainder when 73 + -29 + (-4)/((-8)/14) is divided by 38.
13
Suppose -2633*a + 2630*a + 396 = 0. Calculate the remainder when 650 is divided by a.
122
Suppose n - 5*j = -249, -n - 4*j = j + 269. Let q = n + 264. Calculate the remainder when 69 is divided by q.
4
Let r be 10 + (3 - 3) + 1. Suppose 0 = 7*h + 4*h - 2541. Suppose -r*l + h = -0*l. Calculate the remainder when 33 is divided by l.
12
Let g = 1315 + -1227. Let n(x) = 5*x**2 - x + 4. Calculate the remainder when g is divided by n(3).
42
Let g be 1 + (10 - 3) + 4. Suppose -7*x - g = -10*x. Suppose i + 2*b - x = 2*i, 4*i + 4*b = 32. What is the remainder when i is divided by 3?
1
Suppose 5*n + 5*y = 10*n - 17605, -5*n - 4*y + 17596 = 0. Suppose 0*x - n = -11*x. Calculate the remainder when x is divided by 19.
16
Let o(c) = 5*c**2 + 24*c - 25. Let g(y) = -y**2 - 18*y + 20. Let z be g(-19). Calculate the remainder when (-13)/(1 - 3/2) is divided by o(z).
2
Suppose -2*j + 1070 = 396. Let d = j + -192. Suppose -d = 5*l - 535. What is the remainder when l is divided by 20?
18
Let s(x) = x**3 + 41*x**2 - 47*x - 175. What is the remainder when 121 is divided by s(-42)?
16
Let v(u) = 4*u + 44. Let f be v(-18). What is the remainder when ((-955)/35 - 3)/(8/f) is divided by 55?
51
Calculate the remainder when 348 is divided by 15*18*(-272)/(-2295).
28
Let p = 42 + -38. Suppose -7*i + 4*c = -3*i, -4*i - p*c = -24. What is the remainder when 21 is divided by i?
0
Suppose -3*c - 8 = -5*u + 2, 3*c = 0. Suppose -222 = -4*f - d, f - 3*f + u*d = -106. Calculate the remainder when f is divided by 10.
5
Suppose 0 = 2*m + 7*m + 2070. Let u = -1 - m. Let s = u - 142. What is the remainder when s is divided by 22?
21
Calculate the remainder when 369252/572 + (-5)/((-110)/(-12)) is divided by 60.
45
Let h(j) = j**3 - 7*j - 9. Suppose 0 = 3*m + 5*y - 6*y + 2, -2*y + 4 = 2*m. Suppose m*k + 2*k - 210 = 0. Calculate the remainder when k is divided by h(4).
24
Let p be (0 + (24/2)/4)/(-1). Let z be (492/p)/4 + (-1 - 0). Let w = -19 - z. Calculate the remainder when 80 is divided by w.
11
Suppose 3*z + 47 + 355 = 5*x, 5*x = 4*z + 406. Suppose h = -2*w + 50, 0 = -5*w + 2*h + 25 + 118. What is the remainder when x is divided by w?
24
Let w(a) = a**3 - 5*a**2 - 596*a + 24. Calculate the remainder when 11829 is divided by w(-22).
65
Suppose -4*g + 39 = -45. Let o = g + -17. Calculate the remainder when 13/5 - -3 - (-14)/35 is divided by o.
2
What is the remainder when (-7 + (-8)/(8/13))*62/(-4) is divided by 75?
10
Let j(l) = -63*l + 119. Let b be j(6). Let n = b + 376. Suppose -c + 200 = 5*t + 3*c, 0 = 5*t + 3*c - 200. What is the remainder when n is divided by t?
37
Let g(q) be the third derivative of q**5/6 + q**4/3 - 5*q**3/3 + 15*q**2. What is the remainder when g(2) is divided by 7?
4
Let m be -4*((-141)/(-4) + -3 - 5). What is the remainder when m/(0 + -5 - -4) is divided by 22?
21
Let q(h) = -h**3 - 42*h - 20*h**2 + 2 - 7*h - 16*h. Calculate the remainder when 42 is divided by q(-16).
6
Let z(x) = 5*x + 871. Calculate the remainder when 320 is divided by z(-118).
39
Suppose 5*p = 15, i + 4*i + 5*p = 300. Let m(j) = j**2 + 49*j + 184. Let o be m(-45). Let a = i + o. What is the remainder when a is divided by 21?
19
Let q be ((-200)/(-75))/((-2)/(-114) + 0). Let w = q - 148. Calculate the remainder when 2/(-6) + 67/3 is divided by w.
2
Suppose -40*w = -29*w - 176. Suppose 2*v = -3*i + 12, -3*v = 4*i - 4*v - 27. Calculate the remainder when w is divided by i.
4
What is the remainder when 1439 is divided by (24/10 - 17/((-680)/(-16))) + 29?
13
Suppose -2*o = 2, -2*y + 2*o + 276 = 56. Calculate the remainder when 519 is divided by y.
83
Let c = -44 + 44. Suppose -s + 2*p + 386 = 3*s, -s + 3*p + 104 = c. Calculate the remainder when 25 is divided by ((-38)/s)/(1/(-5)).
1
Suppose -2*v - 61 = 5*c, -13 = 2*c - 4*v + 21. Suppose -2*h + 20 = -0*j + 2*j, h = -3*j + 14. Calculate the remainder when 1/(-5)*0 - c is divided by h.
5
Let c(o) = 23*o**2. Suppose 9*y + 47 = 290. Let s(f) = -2*f**3 + 54*f**2 + 2*f - 40. What is the remainder when c(-1) is divided by s(y)?
9
Let g(s) = -7*s**2 + 4*s - 1. Let b be g(5). Let p = b + 230. Let a = 40 + -20. What is the remainder when p is divided by a?
14
Suppose 0 = -4*x - 5*x - 1584. Let r = x + 195. Calculate the remainder when 52 is divided by r.
14
Calculate the remainder when 224 is divided by (-11*(-6)/66)/(4/(-3504)*-4).
5
Suppose 3*x + 482 - 1883 = 3*c, 0 = 4*x + 12. Let v = -439 - c. Calculate the remainder when 87 is divided by v.
25
Let w(m) = 2*m**3 - 10*m**2 - 8*m - 17. Let k(l) = -l**3 - 2*l. Let u(n) = -k(n) - w(n). What is the remainder when 51 is divided by u(11)?
3
Suppose 5*l + 4*u - 31 - 14 = 0, -3*u - 36 = -4*l. Let g(j) = j**3 + 13. Suppose 0*r + 3*r = 0. What is the remainder when g(r) is divided by l?
4
Suppose 0 = 206*w - 208*w - 2*q + 2582, 6443 = 5*w + q. What is the remainder when w is divided by 159?
16
Let u(f) = -2*f**2 + 166*f + 208. Let k(h) = h**2 + 14*h + 18. What is the remainder when u(0) is divided by k(-14)?
10
Let l = 16 + -11. Suppose 0*s + 42 = s + 3*w, 0 = 4*s + w - 190. Suppose -l*g + 5*i = 4*i - s, i + 28 = 3*g. Calculate the remainder when 99 is divided by g.
9
Let m(x) = 674*x**3 + 3*x**2 - 96*x + 96. What is the remainder when m(1) is divided by 214?
35
Let h(t) = 28*t + 1287. Calculate the remainder when h(7) is divided by 28.
27
Let s = 6187 + -5827. What is the remainder when s is divided by 127?
106
Suppose 3*b + 474 = -3*u, -u + 772 = -5*b - 0*u. Let m = 36 - b. Let s = m - 112. C